s the remainder when 10993 is divided by 500?
493
What is the remainder when 1438 is divided by 17?
10
What is the remainder when 18380 is divided by 175?
5
Calculate the remainder when 4817 is divided by 112.
1
What is the remainder when 9035 is divided by 151?
126
What is the remainder when 4236 is divided by 280?
36
Calculate the remainder when 30173 is divided by 41.
38
What is the remainder when 41365 is divided by 250?
115
Calculate the remainder when 26881 is divided by 408.
361
What is the remainder when 9871 is divided by 9348?
523
Calculate the remainder when 5005 is divided by 2494.
17
What is the remainder when 7948 is divided by 397?
8
Calculate the remainder when 16871 is divided by 309.
185
Calculate the remainder when 203522 is divided by 120.
2
What is the remainder when 1445118 is divided by 13?
12
Calculate the remainder when 7329 is divided by 563.
10
Calculate the remainder when 45542 is divided by 875.
42
Calculate the remainder when 18328 is divided by 495.
13
What is the remainder when 44615 is divided by 35?
25
Calculate the remainder when 2151 is divided by 104.
71
What is the remainder when 6561 is divided by 298?
5
Calculate the remainder when 756 is divided by 448.
308
What is the remainder when 6793 is divided by 754?
7
Calculate the remainder when 1924 is divided by 828.
268
What is the remainder when 5225 is divided by 1729?
38
What is the remainder when 3660 is divided by 253?
118
Calculate the remainder when 36171 is divided by 4018.
9
Calculate the remainder when 187920 is divided by 26844.
12
What is the remainder when 9114 is divided by 1298?
28
What is the remainder when 5549 is divided by 12?
5
What is the remainder when 37251 is divided by 134?
133
What is the remainder when 424 is divided by 121?
61
What is the remainder when 1551 is divided by 111?
108
What is the remainder when 53254 is divided by 1901?
26
Calculate the remainder when 10489 is divided by 62.
11
Calculate the remainder when 13784 is divided by 3398.
192
What is the remainder when 16834 is divided by 812?
594
Calculate the remainder when 95175 is divided by 4137.
24
What is the remainder when 3136269 is divided by 62?
61
What is the remainder when 9821 is divided by 702?
695
Calculate the remainder when 975 is divided by 206.
151
Calculate the remainder when 866 is divided by 431.
4
Calculate the remainder when 94052 is divided by 242.
156
What is the remainder when 71250 is divided by 35623?
4
Calculate the remainder when 2812 is divided by 354.
334
Calculate the remainder when 8942 is divided by 825.
692
What is the remainder when 9473 is divided by 9118?
355
What is the remainder when 63964 is divided by 467?
452
What is the remainder when 34057 is divided by 183?
19
What is the remainder when 31595 is divided by 1017?
68
Calculate the remainder when 3458159 is divided by 9.
8
What is the remainder when 5087 is divided by 4977?
110
Calculate the remainder when 52863 is divided by 13109.
427
Calculate the remainder when 10423 is divided by 20.
3
What is the remainder when 120872 is divided by 25?
22
What is the remainder when 9628 is divided by 340?
108
What is the remainder when 55660 is divided by 425?
410
What is the remainder when 27806 is divided by 137?
132
Calculate the remainder when 3405 is divided by 77.
17
Calculate the remainder when 87141 is divided by 7255.
81
Calculate the remainder when 333600 is divided by 68.
60
What is the remainder when 7816 is divided by 86?
76
Calculate the remainder when 29168 is divided by 9.
8
Calculate the remainder when 4330 is divided by 255.
250
What is the remainder when 945 is divided by 905?
40
Calculate the remainder when 726 is divided by 107.
84
Calculate the remainder when 66564 is divided by 2560.
4
Calculate the remainder when 7993 is divided by 883.
46
What is the remainder when 3928 is divided by 429?
67
Calculate the remainder when 5529 is divided by 198.
183
What is the remainder when 39869 is divided by 19922?
25
What is the remainder when 1077963 is divided by 15?
3
Calculate the remainder when 2228 is divided by 724.
56
Calculate the remainder when 71575 is divided by 234.
205
What is the remainder when 38136 is divided by 3?
0
Calculate the remainder when 102972 is divided by 429.
12
What is the remainder when 66000 is divided by 18?
12
What is the remainder when 88921 is divided by 293?
142
Calculate the remainder when 56402 is divided by 391.
98
What is the remainder when 601 is divided by 154?
139
What is the remainder when 3004 is divided by 1494?
16
What is the remainder when 4291 is divided by 1519?
1253
Calculate the remainder when 197296 is divided by 291.
289
What is the remainder when 640974 is divided by 97?
95
Calculate the remainder when 2908 is divided by 117.
100
Calculate the remainder when 2485470 is divided by 147.
141
Calculate the remainder when 83176 is divided by 366.
94
What is the remainder when 12833 is divided by 247?
236
Calculate the remainder when 623932 is divided by 155980.
12
Calculate the remainder when 970 is divided by 857.
113
Calculate the remainder when 13660 is divided by 46.
44
Calculate the remainder when 25432 is divided by 8473.
13
Calculate the remainder when 8750 is divided by 406.
224
What is the remainder when 89633 is divided by 490?
453
What is the remainder when 101469 is divided by 373?
13
What is the remainder when 14300 is divided by 246?
32
Calculate the remainder when 138742 is divided by 1508.
6
What is the remainder when 6225 is divided by 35?
30
Calculate the remainder when 724904 is divided by 89.
88
What is the remainder when 1768743 is divided by 161?
158
What is the remainder when 2895 is divided by 207?
204
Calculate the remainder when 7403 is divided by 20.
3
What is the remainder when 21736 is divided by 12?
4
What is the remainder when 3829383 is divided by 161?
159
What is the remainder when 81537 is divided by 516?
9
What is the remainder when 70617 is divided by 1502?
23
Calculate the remainder when 176083 is divided by 65.
63
Calculate the remainder when 120902 is divided by 108.
50
What is the remainder when 106623 is divided by 64?
63
Calculate the remainder when 25558 is divided by 29.
9
Calculate the remainder when 290657 is divided by 48438.
29
What is the remainder when 26902 is divided by 55?
7
Calculate the remainder when 7295 is divided by 911.
7
Calculate the remainder when 208328 is divided by 34721.
2
What is the remainder when 7674 is divided by 697?
7
Calculate the remainder when 171388 is divided by 81.
73
Calculate the remainder when 6245 is divided by 1266.
1181
What is the remainder when 90568 is divided by 301?
268
What is the remainder when 4014 is divided by 562?
80
What is the remainder when 6039 is divided by 140?
19
Calculate the remainder when 19420 is divided by 4855.
0
Calculate the remainder when 12581 is divided by 392.
37
What is the remainder when 2615 is divided by 247?
145
Calculate the remainder when 46784 is divided by 594.
452
What is the remainder when 40539 is divided by 724?
719
What is the remainder when 44017 is divided by 2750?
17
What is the remainder when 6518 is divided by 541?
26
Calculate the remainder when 15303 is divided by 117.
93
Calculate the remainder when 926 is divided by 210.
86
What is the remainder when 405032 is divided by 13501?
2
Calculate the remainder when 88681 is divided by 148.
29
Calculate the remainder when 443731 is divided by 31.
28
What is the remainder when 1273 is divided by 619?
35
What is the remainder when 35249 is divided by 1462?
161
Calculate the remainder when 11645 is divided by 9.
8
Calculate the remainder when 132181 is divided by 41.
38
Calculate the remainder when 5625 is divided by 5624.
1
Calculate the remainder when 356880 is divided by 89214.
24
What is the remainder when 5836 is divided by 224?
12
What is the remainder when 192 is divided by 19?
2
What is the remainder when 189836 is divided by 15?
11
Calculate the remainder when 10719 is divided by 76.
3
Calculate the remainder when 1073212 is divided by 818.
814
Calculate the remainder when 2385 is divided by 2206.
179
Calculate the remainder when 81570 is divided by 22.
16
What is the remainder when 243669 is divided by 413?
412
What is the remainder when 2